{"version":"1.0","provider_name":"Pau de la calle","provider_url":"https:\/\/paudelacalle.com\/es\/","author_name":"web","author_url":"https:\/\/paudelacalle.com\/es\/author\/web\/","title":"El encarcelamiento de Pablo\u00a0Hasel - Pau de la calle","type":"rich","width":600,"height":338,"html":"<blockquote class=\"wp-embedded-content\" data-secret=\"sL9ciPq7Mm\"><a href=\"https:\/\/paudelacalle.com\/es\/el-encarcelamiento-de-pablo-hasel\/\">El encarcelamiento de Pablo\u00a0Hasel<\/a><\/blockquote><iframe sandbox=\"allow-scripts\" security=\"restricted\" src=\"https:\/\/paudelacalle.com\/es\/el-encarcelamiento-de-pablo-hasel\/embed\/#?secret=sL9ciPq7Mm\" width=\"600\" height=\"338\" title=\"\u00abEl encarcelamiento de Pablo\u00a0Hasel\u00bb \u2014 Pau de la calle\" data-secret=\"sL9ciPq7Mm\" frameborder=\"0\" marginwidth=\"0\" marginheight=\"0\" scrolling=\"no\" class=\"wp-embedded-content\"><\/iframe><script>\n\/*! This file is auto-generated *\/\n!function(d,l){\"use strict\";l.querySelector&&d.addEventListener&&\"undefined\"!=typeof URL&&(d.wp=d.wp||{},d.wp.receiveEmbedMessage||(d.wp.receiveEmbedMessage=function(e){var t=e.data;if((t||t.secret||t.message||t.value)&&!\/[^a-zA-Z0-9]\/.test(t.secret)){for(var s,r,n,a=l.querySelectorAll('iframe[data-secret=\"'+t.secret+'\"]'),o=l.querySelectorAll('blockquote[data-secret=\"'+t.secret+'\"]'),c=new RegExp(\"^https?:$\",\"i\"),i=0;i<o.length;i++)o[i].style.display=\"none\";for(i=0;i<a.length;i++)s=a[i],e.source===s.contentWindow&&(s.removeAttribute(\"style\"),\"height\"===t.message?(1e3<(r=parseInt(t.value,10))?r=1e3:~~r<200&&(r=200),s.height=r):\"link\"===t.message&&(r=new URL(s.getAttribute(\"src\")),n=new URL(t.value),c.test(n.protocol))&&n.host===r.host&&l.activeElement===s&&(d.top.location.href=t.value))}},d.addEventListener(\"message\",d.wp.receiveEmbedMessage,!1),l.addEventListener(\"DOMContentLoaded\",function(){for(var e,t,s=l.querySelectorAll(\"iframe.wp-embedded-content\"),r=0;r<s.length;r++)(t=(e=s[r]).getAttribute(\"data-secret\"))||(t=Math.random().toString(36).substring(2,12),e.src+=\"#?secret=\"+t,e.setAttribute(\"data-secret\",t)),e.contentWindow.postMessage({message:\"ready\",secret:t},\"*\")},!1)))}(window,document);\n\/\/# sourceURL=https:\/\/paudelacalle.com\/wp-includes\/js\/wp-embed.min.js\n<\/script>\n","description":"EL ENCARCELAMIENTO DE PABLO HAS\u00c9L Historias \u00b7 Editorial El 15 de febrero de 2021, el rapero catal\u00e1n Pablo Has\u00e9l se encerr\u00f3 en la Universidad de Lleida junto con sus compa\u00f1eros para intentar evitar su detenci\u00f3n. A las 7 de la ma\u00f1ana del d\u00eda siguiente, la polic\u00eda irrumpi\u00f3 en la universidad para arrestarlo. Este incidente desencaden\u00f3 [&hellip;]","thumbnail_url":"https:\/\/paudelacalle.com\/wp-content\/uploads\/2025\/01\/PabloHasel001-scaled.webp","thumbnail_width":1920,"thumbnail_height":1280}

EL ENCARCELAMIENTO DE PABLO HASÉL Historias · Editorial El 15 de febrero de 2021, el rapero catalán Pablo Hasél se encerró en la Universidad de Lleida junto con sus compañeros para intentar evitar su detención. A las 7 de la mañana del día siguiente, la policía irrumpió en la universidad para arrestarlo. Este incidente desencadenó [&hellip;]
